{"id":29,"date":"2023-11-08T14:03:10","date_gmt":"2023-11-08T14:03:10","guid":{"rendered":"https:\/\/denlillegarnfabrikken.no\/?post_type=product&#038;p=29"},"modified":"2023-11-17T14:39:03","modified_gmt":"2023-11-17T14:39:03","slug":"strokkur-tykk-og-chunky-islender","status":"publish","type":"product","link":"https:\/\/denlillegarnfabrikken.no\/?product=strokkur-tykk-og-chunky-islender","title":{"rendered":"Strokkur tykk og chunky islender DLG-21-011"},"content":{"rendered":"<p>St\u00f8rrelser<br \/>\nS (M) L (XL) XXL (3XL)<\/p>\n<p>M\u00e5l<br \/>\nOvervidde: 102 (116) 131 (138) 145 (160) cm<br \/>\nHel lengde: 62 (64) 66 (68) 70 (72) cm<br \/>\nErmelengde: 44 (44) 47 (47) 50 (50) cm<\/p>\n<p>Strikkefasthet<br \/>\n11 m p\u00e5 pinne nr. 8 = 10 cm<\/p>\n<p>Anbefalte pinner<br \/>\nRundpinne 80 cm nr. 7 og nr. 8<br \/>\nRundpinne 40 cm nr. 7 og nr. 8<br \/>\nStr\u00f8mpepinner nr. 7<\/p>\n<p>Garn<br \/>\nViking Hobbygarn, 100 % ull.<br \/>\n50 g = 50 m<\/p>\n<p>Garnmengde<br \/>\nFg 1: 915 &#8211; M\u00f8rk gr\u00e5 11 (12) 13 (14) 15 (16) n\u00f8ster<br \/>\nFg 2: 902 &#8211; Natur: 5 (6) 7 (8) 9 (10) n\u00f8ster<\/p>\n","protected":false},"excerpt":{"rendered":"<p>Denne f\u00e5es KUN hos oss, CHUNKY islender! Islender er \u00e5rets mest popul\u00e6re genser, her kommer den i en ny og TYKK utgave.<\/p>\n<p>Denne islandsgenseren har f\u00e5tt navnet sitt etter Strokkur, en ber\u00f8mt geysir p\u00e5 Island.<\/p>\n<p>Genseren strikkes nedenfra og opp i tykt og godt ullgarn, og den blir kjempemyk og herlig \u00e5 ha p\u00e5 seg!<\/p>\n","protected":false},"featured_media":30,"comment_status":"open","ping_status":"closed","template":"","meta":[],"product_cat":[17],"product_tag":[25,23],"class_list":{"0":"post-29","1":"product","2":"type-product","3":"status-publish","4":"has-post-thumbnail","6":"product_cat-gensere","7":"product_tag-chunky","8":"product_tag-islender","10":"first","11":"instock","12":"shipping-taxable","13":"product-type-external"},"yoast_head":"<!-- This site is optimized with the Yoast SEO plugin v21.3 - https:\/\/yoast.com\/wordpress\/plugins\/seo\/ -->\n<title>Strokkur tykk og chunky islender DLG-21-011 - Den lille garnfabrikken<\/title>\n<meta name=\"description\" content=\"Islender er \u00e5rets mest popul\u00e6re genser, her kommer den i en ny og TYKK utgave.Denne islandsgenseren har f\u00e5tt navnet sitt etter Strokkur, en ber\u00f8mt geysir p\u00e5 Island.Genseren strikkes nedenfra og opp i tykt og godt ullgarn, og den blir kjempemyk og herlig \u00e5 ha p\u00e5 seg!!\" \/>\n<meta name=\"robots\" content=\"index, follow, max-snippet:-1, max-image-preview:large, max-video-preview:-1\" \/>\n<link rel=\"canonical\" href=\"https:\/\/denlillegarnfabrikken.no\/?product=strokkur-tykk-og-chunky-islender\" \/>\n<meta property=\"og:locale\" content=\"nb_NO\" \/>\n<meta property=\"og:type\" content=\"article\" \/>\n<meta property=\"og:title\" content=\"Strokkur tykk og chunky islender DLG-21-011 - Den lille garnfabrikken\" \/>\n<meta property=\"og:description\" content=\"Islender er \u00e5rets mest popul\u00e6re genser, her kommer den i en ny og TYKK utgave.Denne islandsgenseren har f\u00e5tt navnet sitt etter Strokkur, en ber\u00f8mt geysir p\u00e5 Island.Genseren strikkes nedenfra og opp i tykt og godt ullgarn, og den blir kjempemyk og herlig \u00e5 ha p\u00e5 seg!!\" \/>\n<meta property=\"og:url\" content=\"https:\/\/denlillegarnfabrikken.no\/?product=strokkur-tykk-og-chunky-islender\" \/>\n<meta property=\"og:site_name\" content=\"Den lille garnfabrikken\" \/>\n<meta property=\"article:modified_time\" content=\"2023-11-17T14:39:03+00:00\" \/>\n<meta property=\"og:image\" content=\"https:\/\/denlillegarnfabrikken.no\/wp-content\/uploads\/2023\/11\/Strokkur-tykk-og-chunky-islender-med-raglan-DLG-21-011-105.jpg\" \/>\n\t<meta property=\"og:image:width\" content=\"1100\" \/>\n\t<meta property=\"og:image:height\" content=\"1100\" \/>\n\t<meta property=\"og:image:type\" content=\"image\/jpeg\" \/>\n<meta name=\"twitter:card\" content=\"summary_large_image\" \/>\n<meta name=\"twitter:label1\" content=\"Ansl. lesetid\" \/>\n\t<meta name=\"twitter:data1\" content=\"1 minutt\" \/>\n<script type=\"application\/ld+json\" class=\"yoast-schema-graph\">{\"@context\":\"https:\/\/schema.org\",\"@graph\":[{\"@type\":\"WebPage\",\"@id\":\"https:\/\/denlillegarnfabrikken.no\/?product=strokkur-tykk-og-chunky-islender\",\"url\":\"https:\/\/denlillegarnfabrikken.no\/?product=strokkur-tykk-og-chunky-islender\",\"name\":\"Strokkur tykk og chunky islender DLG-21-011 - Den lille garnfabrikken\",\"isPartOf\":{\"@id\":\"https:\/\/denlillegarnfabrikken.no\/#website\"},\"datePublished\":\"2023-11-08T14:03:10+00:00\",\"dateModified\":\"2023-11-17T14:39:03+00:00\",\"description\":\"Islender er \u00e5rets mest popul\u00e6re genser, her kommer den i en ny og TYKK utgave.Denne islandsgenseren har f\u00e5tt navnet sitt etter Strokkur, en ber\u00f8mt geysir p\u00e5 Island.Genseren strikkes nedenfra og opp i tykt og godt ullgarn, og den blir kjempemyk og herlig \u00e5 ha p\u00e5 seg!!\",\"breadcrumb\":{\"@id\":\"https:\/\/denlillegarnfabrikken.no\/?product=strokkur-tykk-og-chunky-islender#breadcrumb\"},\"inLanguage\":\"nb-NO\",\"potentialAction\":[{\"@type\":\"ReadAction\",\"target\":[\"https:\/\/denlillegarnfabrikken.no\/?product=strokkur-tykk-og-chunky-islender\"]}]},{\"@type\":\"BreadcrumbList\",\"@id\":\"https:\/\/denlillegarnfabrikken.no\/?product=strokkur-tykk-og-chunky-islender#breadcrumb\",\"itemListElement\":[{\"@type\":\"ListItem\",\"position\":1,\"name\":\"Home\",\"item\":\"https:\/\/denlillegarnfabrikken.no\/\"},{\"@type\":\"ListItem\",\"position\":2,\"name\":\"Butikk\",\"item\":\"https:\/\/denlillegarnfabrikken.no\/?page_id=7\"},{\"@type\":\"ListItem\",\"position\":3,\"name\":\"Strokkur tykk og chunky islender DLG-21-011\"}]},{\"@type\":\"WebSite\",\"@id\":\"https:\/\/denlillegarnfabrikken.no\/#website\",\"url\":\"https:\/\/denlillegarnfabrikken.no\/\",\"name\":\"Den lille garnfabrikken\",\"description\":\"\",\"publisher\":{\"@id\":\"https:\/\/denlillegarnfabrikken.no\/#organization\"},\"potentialAction\":[{\"@type\":\"SearchAction\",\"target\":{\"@type\":\"EntryPoint\",\"urlTemplate\":\"https:\/\/denlillegarnfabrikken.no\/?s={search_term_string}\"},\"query-input\":\"required name=search_term_string\"}],\"inLanguage\":\"nb-NO\"},{\"@type\":\"Organization\",\"@id\":\"https:\/\/denlillegarnfabrikken.no\/#organization\",\"name\":\"Den lille garnfabrikken\",\"url\":\"https:\/\/denlillegarnfabrikken.no\/\",\"logo\":{\"@type\":\"ImageObject\",\"inLanguage\":\"nb-NO\",\"@id\":\"https:\/\/denlillegarnfabrikken.no\/#\/schema\/logo\/image\/\",\"url\":\"https:\/\/denlillegarnfabrikken.no\/wp-content\/uploads\/2023\/10\/cropped-logotest.jpg\",\"contentUrl\":\"https:\/\/denlillegarnfabrikken.no\/wp-content\/uploads\/2023\/10\/cropped-logotest.jpg\",\"width\":500,\"height\":500,\"caption\":\"Den lille garnfabrikken\"},\"image\":{\"@id\":\"https:\/\/denlillegarnfabrikken.no\/#\/schema\/logo\/image\/\"}}]}<\/script>\n<!-- \/ Yoast SEO plugin. -->","yoast_head_json":{"title":"Strokkur tykk og chunky islender DLG-21-011 - Den lille garnfabrikken","description":"Islender er \u00e5rets mest popul\u00e6re genser, her kommer den i en ny og TYKK utgave.Denne islandsgenseren har f\u00e5tt navnet sitt etter Strokkur, en ber\u00f8mt geysir p\u00e5 Island.Genseren strikkes nedenfra og opp i tykt og godt ullgarn, og den blir kjempemyk og herlig \u00e5 ha p\u00e5 seg!!","robots":{"index":"index","follow":"follow","max-snippet":"max-snippet:-1","max-image-preview":"max-image-preview:large","max-video-preview":"max-video-preview:-1"},"canonical":"https:\/\/denlillegarnfabrikken.no\/?product=strokkur-tykk-og-chunky-islender","og_locale":"nb_NO","og_type":"article","og_title":"Strokkur tykk og chunky islender DLG-21-011 - Den lille garnfabrikken","og_description":"Islender er \u00e5rets mest popul\u00e6re genser, her kommer den i en ny og TYKK utgave.Denne islandsgenseren har f\u00e5tt navnet sitt etter Strokkur, en ber\u00f8mt geysir p\u00e5 Island.Genseren strikkes nedenfra og opp i tykt og godt ullgarn, og den blir kjempemyk og herlig \u00e5 ha p\u00e5 seg!!","og_url":"https:\/\/denlillegarnfabrikken.no\/?product=strokkur-tykk-og-chunky-islender","og_site_name":"Den lille garnfabrikken","article_modified_time":"2023-11-17T14:39:03+00:00","og_image":[{"width":1100,"height":1100,"url":"https:\/\/denlillegarnfabrikken.no\/wp-content\/uploads\/2023\/11\/Strokkur-tykk-og-chunky-islender-med-raglan-DLG-21-011-105.jpg","type":"image\/jpeg"}],"twitter_card":"summary_large_image","twitter_misc":{"Ansl. lesetid":"1 minutt"},"schema":{"@context":"https:\/\/schema.org","@graph":[{"@type":"WebPage","@id":"https:\/\/denlillegarnfabrikken.no\/?product=strokkur-tykk-og-chunky-islender","url":"https:\/\/denlillegarnfabrikken.no\/?product=strokkur-tykk-og-chunky-islender","name":"Strokkur tykk og chunky islender DLG-21-011 - Den lille garnfabrikken","isPartOf":{"@id":"https:\/\/denlillegarnfabrikken.no\/#website"},"datePublished":"2023-11-08T14:03:10+00:00","dateModified":"2023-11-17T14:39:03+00:00","description":"Islender er \u00e5rets mest popul\u00e6re genser, her kommer den i en ny og TYKK utgave.Denne islandsgenseren har f\u00e5tt navnet sitt etter Strokkur, en ber\u00f8mt geysir p\u00e5 Island.Genseren strikkes nedenfra og opp i tykt og godt ullgarn, og den blir kjempemyk og herlig \u00e5 ha p\u00e5 seg!!","breadcrumb":{"@id":"https:\/\/denlillegarnfabrikken.no\/?product=strokkur-tykk-og-chunky-islender#breadcrumb"},"inLanguage":"nb-NO","potentialAction":[{"@type":"ReadAction","target":["https:\/\/denlillegarnfabrikken.no\/?product=strokkur-tykk-og-chunky-islender"]}]},{"@type":"BreadcrumbList","@id":"https:\/\/denlillegarnfabrikken.no\/?product=strokkur-tykk-og-chunky-islender#breadcrumb","itemListElement":[{"@type":"ListItem","position":1,"name":"Home","item":"https:\/\/denlillegarnfabrikken.no\/"},{"@type":"ListItem","position":2,"name":"Butikk","item":"https:\/\/denlillegarnfabrikken.no\/?page_id=7"},{"@type":"ListItem","position":3,"name":"Strokkur tykk og chunky islender DLG-21-011"}]},{"@type":"WebSite","@id":"https:\/\/denlillegarnfabrikken.no\/#website","url":"https:\/\/denlillegarnfabrikken.no\/","name":"Den lille garnfabrikken","description":"","publisher":{"@id":"https:\/\/denlillegarnfabrikken.no\/#organization"},"potentialAction":[{"@type":"SearchAction","target":{"@type":"EntryPoint","urlTemplate":"https:\/\/denlillegarnfabrikken.no\/?s={search_term_string}"},"query-input":"required name=search_term_string"}],"inLanguage":"nb-NO"},{"@type":"Organization","@id":"https:\/\/denlillegarnfabrikken.no\/#organization","name":"Den lille garnfabrikken","url":"https:\/\/denlillegarnfabrikken.no\/","logo":{"@type":"ImageObject","inLanguage":"nb-NO","@id":"https:\/\/denlillegarnfabrikken.no\/#\/schema\/logo\/image\/","url":"https:\/\/denlillegarnfabrikken.no\/wp-content\/uploads\/2023\/10\/cropped-logotest.jpg","contentUrl":"https:\/\/denlillegarnfabrikken.no\/wp-content\/uploads\/2023\/10\/cropped-logotest.jpg","width":500,"height":500,"caption":"Den lille garnfabrikken"},"image":{"@id":"https:\/\/denlillegarnfabrikken.no\/#\/schema\/logo\/image\/"}}]}},"_links":{"self":[{"href":"https:\/\/denlillegarnfabrikken.no\/index.php?rest_route=\/wp\/v2\/product\/29","targetHints":{"allow":["GET"]}}],"collection":[{"href":"https:\/\/denlillegarnfabrikken.no\/index.php?rest_route=\/wp\/v2\/product"}],"about":[{"href":"https:\/\/denlillegarnfabrikken.no\/index.php?rest_route=\/wp\/v2\/types\/product"}],"replies":[{"embeddable":true,"href":"https:\/\/denlillegarnfabrikken.no\/index.php?rest_route=%2Fwp%2Fv2%2Fcomments&post=29"}],"wp:featuredmedia":[{"embeddable":true,"href":"https:\/\/denlillegarnfabrikken.no\/index.php?rest_route=\/wp\/v2\/media\/30"}],"wp:attachment":[{"href":"https:\/\/denlillegarnfabrikken.no\/index.php?rest_route=%2Fwp%2Fv2%2Fmedia&parent=29"}],"wp:term":[{"taxonomy":"product_cat","embeddable":true,"href":"https:\/\/denlillegarnfabrikken.no\/index.php?rest_route=%2Fwp%2Fv2%2Fproduct_cat&post=29"},{"taxonomy":"product_tag","embeddable":true,"href":"https:\/\/denlillegarnfabrikken.no\/index.php?rest_route=%2Fwp%2Fv2%2Fproduct_tag&post=29"}],"curies":[{"name":"wp","href":"https:\/\/api.w.org\/{rel}","templated":true}]}}