{"id":64,"date":"2023-11-24T13:18:13","date_gmt":"2023-11-24T13:18:13","guid":{"rendered":"https:\/\/denlillegarnfabrikken.no\/?post_type=product&#038;p=64"},"modified":"2023-11-24T13:18:13","modified_gmt":"2023-11-24T13:18:13","slug":"manebedottengenseren-med-strukturstrikk-dlg-23-004","status":"publish","type":"product","link":"https:\/\/denlillegarnfabrikken.no\/?product=manebedottengenseren-med-strukturstrikk-dlg-23-004","title":{"rendered":"M\u00e5nebedottengenseren med strukturstrikk DLG 23-004"},"content":{"rendered":"<p><strong>St\u00f8rrelser<\/strong><br \/>\nXXS (XS) S (M) L (XL) 2XL (3XL)<br \/>\n<strong>Plaggets m\u00e5l<\/strong><br \/>\n<strong>Overvidde:\u00a0<\/strong>76 (87) 98 (109) 120 (131) 142 (152) cm.<br \/>\n<strong>Hel lengde:\u00a0<\/strong>Ca. 61 (61)) 61 (61) 64 (64) 64 (64) cm.<br \/>\n<strong>Ermelengde:<\/strong>\u00a048 (48) 48 (48) 50 (50) 50 (50) cm, eller \u00f8nsket lengde.<br \/>\n<strong>Strikkefasthet<\/strong><br \/>\n22 m glattstrikk p\u00e5 pinne nr. 4 = 10 cm.<br \/>\nAnbefalte pinner<br \/>\nRundpinne 80 cm nr. 3 \u00bd og 4.<br \/>\nRundpinne 40 cm nr. 3 \u00bd og 4.<br \/>\nStr\u00f8mpepinner nr. 3 \u00bd.<br \/>\n<strong>Garn<\/strong><br \/>\nSportsull fra Den Lille Garnfabrikken, 100 % ren ny superwashull, 50 g = 100 m.<br \/>\n<strong>Garnmengde<\/strong><br \/>\nBeige melet nr. 3485 &#8211; 14 (14) 14 (15) 15 (16) 16 (16) n\u00f8ster.<\/p>\n","protected":false},"excerpt":{"rendered":"<p>M\u00e5nebedotten genseren er en kjempepopul\u00e6r strikkegenser med strukturm\u00f8nster.<\/p>\n<p>Genseren strikkes nedenfra og opp med raglanfelling.\u00a0<a href=\"https:\/\/www.strikkia.no\/strikkeoppskrifter-med-garn\/gensere\/m\/manebedotten.html\">M\u00e5nebedottengenseren<\/a>\u00a0strikkes i Sportsull fra Den lille garnfabrikken, 100% ull som er superwashbehandlet.<\/p>\n","protected":false},"featured_media":65,"comment_status":"open","ping_status":"closed","template":"","meta":[],"product_cat":[17],"product_tag":[38],"class_list":{"0":"post-64","1":"product","2":"type-product","3":"status-publish","4":"has-post-thumbnail","6":"product_cat-gensere","7":"product_tag-strukturgenser","9":"first","10":"instock","11":"shipping-taxable","12":"product-type-external"},"yoast_head":"<!-- This site is optimized with the Yoast SEO plugin v21.3 - https:\/\/yoast.com\/wordpress\/plugins\/seo\/ -->\n<title>M\u00e5nebedottengenseren med strukturstrikk DLG 23-004 - Den lille garnfabrikken<\/title>\n<meta name=\"robots\" content=\"index, follow, max-snippet:-1, max-image-preview:large, max-video-preview:-1\" \/>\n<link rel=\"canonical\" href=\"http:\/\/denlillegarnfabrikken.no\/?product=manebedottengenseren-med-strukturstrikk-dlg-23-004\" \/>\n<meta property=\"og:locale\" content=\"nb_NO\" \/>\n<meta property=\"og:type\" content=\"article\" \/>\n<meta property=\"og:title\" content=\"M\u00e5nebedottengenseren med strukturstrikk DLG 23-004 - Den lille garnfabrikken\" \/>\n<meta property=\"og:description\" content=\"M\u00e5nebedotten genseren er en kjempepopul\u00e6r strikkegenser med strukturm\u00f8nster.  Genseren strikkes nedenfra og opp med raglanfelling.\u00a0M\u00e5nebedottengenseren\u00a0strikkes i Sportsull fra Den lille garnfabrikken, 100% ull som er superwashbehandlet.\" \/>\n<meta property=\"og:url\" content=\"http:\/\/denlillegarnfabrikken.no\/?product=manebedottengenseren-med-strukturstrikk-dlg-23-004\" \/>\n<meta property=\"og:site_name\" content=\"Den lille garnfabrikken\" \/>\n<meta property=\"og:image\" content=\"http:\/\/denlillegarnfabrikken.no\/wp-content\/uploads\/2023\/11\/23-004-Maanebedotten-genseren-med-strukturstrikk-101.jpg\" \/>\n\t<meta property=\"og:image:width\" content=\"1000\" \/>\n\t<meta property=\"og:image:height\" content=\"1000\" \/>\n\t<meta property=\"og:image:type\" content=\"image\/jpeg\" \/>\n<meta name=\"twitter:card\" content=\"summary_large_image\" \/>\n<meta name=\"twitter:label1\" content=\"Ansl. lesetid\" \/>\n\t<meta name=\"twitter:data1\" content=\"1 minutt\" \/>\n<script type=\"application\/ld+json\" class=\"yoast-schema-graph\">{\"@context\":\"https:\/\/schema.org\",\"@graph\":[{\"@type\":\"WebPage\",\"@id\":\"http:\/\/denlillegarnfabrikken.no\/?product=manebedottengenseren-med-strukturstrikk-dlg-23-004\",\"url\":\"http:\/\/denlillegarnfabrikken.no\/?product=manebedottengenseren-med-strukturstrikk-dlg-23-004\",\"name\":\"M\u00e5nebedottengenseren med strukturstrikk DLG 23-004 - Den lille garnfabrikken\",\"isPartOf\":{\"@id\":\"https:\/\/denlillegarnfabrikken.no\/#website\"},\"datePublished\":\"2023-11-24T13:18:13+00:00\",\"dateModified\":\"2023-11-24T13:18:13+00:00\",\"breadcrumb\":{\"@id\":\"http:\/\/denlillegarnfabrikken.no\/?product=manebedottengenseren-med-strukturstrikk-dlg-23-004#breadcrumb\"},\"inLanguage\":\"nb-NO\",\"potentialAction\":[{\"@type\":\"ReadAction\",\"target\":[\"http:\/\/denlillegarnfabrikken.no\/?product=manebedottengenseren-med-strukturstrikk-dlg-23-004\"]}]},{\"@type\":\"BreadcrumbList\",\"@id\":\"http:\/\/denlillegarnfabrikken.no\/?product=manebedottengenseren-med-strukturstrikk-dlg-23-004#breadcrumb\",\"itemListElement\":[{\"@type\":\"ListItem\",\"position\":1,\"name\":\"Home\",\"item\":\"https:\/\/denlillegarnfabrikken.no\/\"},{\"@type\":\"ListItem\",\"position\":2,\"name\":\"Butikk\",\"item\":\"https:\/\/denlillegarnfabrikken.no\/?page_id=7\"},{\"@type\":\"ListItem\",\"position\":3,\"name\":\"M\u00e5nebedottengenseren med strukturstrikk DLG 23-004\"}]},{\"@type\":\"WebSite\",\"@id\":\"https:\/\/denlillegarnfabrikken.no\/#website\",\"url\":\"https:\/\/denlillegarnfabrikken.no\/\",\"name\":\"Den lille garnfabrikken\",\"description\":\"\",\"publisher\":{\"@id\":\"https:\/\/denlillegarnfabrikken.no\/#organization\"},\"potentialAction\":[{\"@type\":\"SearchAction\",\"target\":{\"@type\":\"EntryPoint\",\"urlTemplate\":\"https:\/\/denlillegarnfabrikken.no\/?s={search_term_string}\"},\"query-input\":\"required name=search_term_string\"}],\"inLanguage\":\"nb-NO\"},{\"@type\":\"Organization\",\"@id\":\"https:\/\/denlillegarnfabrikken.no\/#organization\",\"name\":\"Den lille garnfabrikken\",\"url\":\"https:\/\/denlillegarnfabrikken.no\/\",\"logo\":{\"@type\":\"ImageObject\",\"inLanguage\":\"nb-NO\",\"@id\":\"https:\/\/denlillegarnfabrikken.no\/#\/schema\/logo\/image\/\",\"url\":\"https:\/\/denlillegarnfabrikken.no\/wp-content\/uploads\/2023\/10\/cropped-logotest.jpg\",\"contentUrl\":\"https:\/\/denlillegarnfabrikken.no\/wp-content\/uploads\/2023\/10\/cropped-logotest.jpg\",\"width\":500,\"height\":500,\"caption\":\"Den lille garnfabrikken\"},\"image\":{\"@id\":\"https:\/\/denlillegarnfabrikken.no\/#\/schema\/logo\/image\/\"}}]}<\/script>\n<!-- \/ Yoast SEO plugin. -->","yoast_head_json":{"title":"M\u00e5nebedottengenseren med strukturstrikk DLG 23-004 - Den lille garnfabrikken","robots":{"index":"index","follow":"follow","max-snippet":"max-snippet:-1","max-image-preview":"max-image-preview:large","max-video-preview":"max-video-preview:-1"},"canonical":"http:\/\/denlillegarnfabrikken.no\/?product=manebedottengenseren-med-strukturstrikk-dlg-23-004","og_locale":"nb_NO","og_type":"article","og_title":"M\u00e5nebedottengenseren med strukturstrikk DLG 23-004 - Den lille garnfabrikken","og_description":"M\u00e5nebedotten genseren er en kjempepopul\u00e6r strikkegenser med strukturm\u00f8nster.  Genseren strikkes nedenfra og opp med raglanfelling.\u00a0M\u00e5nebedottengenseren\u00a0strikkes i Sportsull fra Den lille garnfabrikken, 100% ull som er superwashbehandlet.","og_url":"http:\/\/denlillegarnfabrikken.no\/?product=manebedottengenseren-med-strukturstrikk-dlg-23-004","og_site_name":"Den lille garnfabrikken","og_image":[{"width":1000,"height":1000,"url":"http:\/\/denlillegarnfabrikken.no\/wp-content\/uploads\/2023\/11\/23-004-Maanebedotten-genseren-med-strukturstrikk-101.jpg","type":"image\/jpeg"}],"twitter_card":"summary_large_image","twitter_misc":{"Ansl. lesetid":"1 minutt"},"schema":{"@context":"https:\/\/schema.org","@graph":[{"@type":"WebPage","@id":"http:\/\/denlillegarnfabrikken.no\/?product=manebedottengenseren-med-strukturstrikk-dlg-23-004","url":"http:\/\/denlillegarnfabrikken.no\/?product=manebedottengenseren-med-strukturstrikk-dlg-23-004","name":"M\u00e5nebedottengenseren med strukturstrikk DLG 23-004 - Den lille garnfabrikken","isPartOf":{"@id":"https:\/\/denlillegarnfabrikken.no\/#website"},"datePublished":"2023-11-24T13:18:13+00:00","dateModified":"2023-11-24T13:18:13+00:00","breadcrumb":{"@id":"http:\/\/denlillegarnfabrikken.no\/?product=manebedottengenseren-med-strukturstrikk-dlg-23-004#breadcrumb"},"inLanguage":"nb-NO","potentialAction":[{"@type":"ReadAction","target":["http:\/\/denlillegarnfabrikken.no\/?product=manebedottengenseren-med-strukturstrikk-dlg-23-004"]}]},{"@type":"BreadcrumbList","@id":"http:\/\/denlillegarnfabrikken.no\/?product=manebedottengenseren-med-strukturstrikk-dlg-23-004#breadcrumb","itemListElement":[{"@type":"ListItem","position":1,"name":"Home","item":"https:\/\/denlillegarnfabrikken.no\/"},{"@type":"ListItem","position":2,"name":"Butikk","item":"https:\/\/denlillegarnfabrikken.no\/?page_id=7"},{"@type":"ListItem","position":3,"name":"M\u00e5nebedottengenseren med strukturstrikk DLG 23-004"}]},{"@type":"WebSite","@id":"https:\/\/denlillegarnfabrikken.no\/#website","url":"https:\/\/denlillegarnfabrikken.no\/","name":"Den lille garnfabrikken","description":"","publisher":{"@id":"https:\/\/denlillegarnfabrikken.no\/#organization"},"potentialAction":[{"@type":"SearchAction","target":{"@type":"EntryPoint","urlTemplate":"https:\/\/denlillegarnfabrikken.no\/?s={search_term_string}"},"query-input":"required name=search_term_string"}],"inLanguage":"nb-NO"},{"@type":"Organization","@id":"https:\/\/denlillegarnfabrikken.no\/#organization","name":"Den lille garnfabrikken","url":"https:\/\/denlillegarnfabrikken.no\/","logo":{"@type":"ImageObject","inLanguage":"nb-NO","@id":"https:\/\/denlillegarnfabrikken.no\/#\/schema\/logo\/image\/","url":"https:\/\/denlillegarnfabrikken.no\/wp-content\/uploads\/2023\/10\/cropped-logotest.jpg","contentUrl":"https:\/\/denlillegarnfabrikken.no\/wp-content\/uploads\/2023\/10\/cropped-logotest.jpg","width":500,"height":500,"caption":"Den lille garnfabrikken"},"image":{"@id":"https:\/\/denlillegarnfabrikken.no\/#\/schema\/logo\/image\/"}}]}},"_links":{"self":[{"href":"https:\/\/denlillegarnfabrikken.no\/index.php?rest_route=\/wp\/v2\/product\/64","targetHints":{"allow":["GET"]}}],"collection":[{"href":"https:\/\/denlillegarnfabrikken.no\/index.php?rest_route=\/wp\/v2\/product"}],"about":[{"href":"https:\/\/denlillegarnfabrikken.no\/index.php?rest_route=\/wp\/v2\/types\/product"}],"replies":[{"embeddable":true,"href":"https:\/\/denlillegarnfabrikken.no\/index.php?rest_route=%2Fwp%2Fv2%2Fcomments&post=64"}],"wp:featuredmedia":[{"embeddable":true,"href":"https:\/\/denlillegarnfabrikken.no\/index.php?rest_route=\/wp\/v2\/media\/65"}],"wp:attachment":[{"href":"https:\/\/denlillegarnfabrikken.no\/index.php?rest_route=%2Fwp%2Fv2%2Fmedia&parent=64"}],"wp:term":[{"taxonomy":"product_cat","embeddable":true,"href":"https:\/\/denlillegarnfabrikken.no\/index.php?rest_route=%2Fwp%2Fv2%2Fproduct_cat&post=64"},{"taxonomy":"product_tag","embeddable":true,"href":"https:\/\/denlillegarnfabrikken.no\/index.php?rest_route=%2Fwp%2Fv2%2Fproduct_tag&post=64"}],"curies":[{"name":"wp","href":"https:\/\/api.w.org\/{rel}","templated":true}]}}